eatest common divisor of 1784255 and 1067?
11
Calculate the highest common divisor of 82159 and 206591.
77
What is the greatest common factor of 429416790 and 12?
6
What is the greatest common divisor of 332899 and 2736?
19
What is the greatest common factor of 3672 and 2099160?
1224
Calculate the highest common factor of 120 and 227145.
15
What is the highest common factor of 235834457 and 78767?
6059
Calculate the highest common factor of 83411 and 9423.
349
Calculate the highest common factor of 47698075 and 1425.
475
Calculate the greatest common factor of 70 and 80478730.
10
What is the highest common divisor of 6964062 and 294?
42
Calculate the greatest common divisor of 867 and 91758367.
289
What is the highest common divisor of 12124 and 805380?
1732
Calculate the highest common factor of 35980 and 67591.
257
What is the highest common divisor of 44 and 1894020?
4
What is the highest common factor of 21188150 and 50?
50
Calculate the greatest common factor of 56575616 and 56.
8
What is the highest common factor of 96 and 4394976?
96
Calculate the greatest common factor of 402947 and 2.
1
What is the greatest common factor of 9288970 and 202?
202
Calculate the greatest common factor of 1083 and 17035989.
57
What is the highest common factor of 63432 and 3258?
18
Calculate the highest common factor of 24684183 and 243.
243
What is the greatest common factor of 792 and 3484584?
72
What is the highest common factor of 1792240 and 2960?
80
What is the highest common factor of 361635927 and 9807?
1401
What is the greatest common factor of 17 and 68306731?
17
What is the highest common divisor of 9879 and 281163?
111
What is the highest common divisor of 60 and 29783796?
12
What is the greatest common factor of 4613172 and 1116?
372
What is the highest common factor of 2 and 274179?
1
Calculate the greatest common factor of 103260686 and 34.
34
What is the highest common factor of 2169958 and 56?
14
Calculate the highest common divisor of 129307 and 557171.
677
Calculate the greatest common factor of 16224 and 60558108.
2028
What is the highest common divisor of 394781440 and 180?
20
Calculate the greatest common factor of 30 and 9004990.
10
Calculate the highest common factor of 1528772722 and 878.
878
Calculate the highest common factor of 3936228 and 27840.
348
Calculate the highest common factor of 26854 and 68846.
58
What is the greatest common divisor of 23 and 378391?
1
What is the highest common factor of 216 and 9453402?
54
Calculate the highest common divisor of 2312800 and 850.
50
What is the highest common divisor of 41 and 403107613?
41
What is the greatest common factor of 10873 and 78103?
83
Calculate the highest common factor of 65 and 536406.
13
What is the greatest common factor of 118639488 and 495?
33
What is the greatest common factor of 12220 and 147392?
188
What is the highest common factor of 500630 and 120?
10
Calculate the greatest common divisor of 939282 and 102.
6
What is the highest common divisor of 13 and 1961247353?
13
Calculate the highest common factor of 15102430 and 20.
10
What is the greatest common factor of 24478688 and 1664?
416
Calculate the highest common factor of 1893925 and 15833.
71
Calculate the greatest common divisor of 5332 and 159275024.
124
Calculate the highest common factor of 15903 and 1528227.
513
What is the greatest common divisor of 2457296 and 1417?
109
Calculate the greatest common factor of 4 and 122256972.
4
Calculate the highest common divisor of 11266640 and 2360.
2360
Calculate the highest common divisor of 360 and 239239480.
40
What is the greatest common divisor of 26622 and 112698?
54
What is the highest common factor of 626982424 and 1648?
824
What is the greatest common divisor of 48385049 and 43832?
5479
What is the highest common factor of 3996 and 48789?
27
What is the highest common factor of 333168687 and 83979?
11997
What is the greatest common divisor of 8484 and 11685072?
84
What is the greatest common divisor of 384451 and 4494?
107
What is the highest common factor of 43521 and 1978381?
89
Calculate the highest common divisor of 721368 and 4893.
699
Calculate the highest common divisor of 1147 and 280201.
37
Calculate the greatest common divisor of 10556 and 47879.
377
Calculate the highest common divisor of 82251 and 20129265.
2223
Calculate the highest common factor of 451470 and 458920.
1490
What is the highest common divisor of 27543792 and 16?
16
Calculate the highest common factor of 2044 and 1009999676.
2044
Calculate the greatest common factor of 45822 and 36624.
42
Calculate the greatest common divisor of 25 and 3164810.
5
Calculate the highest common divisor of 3124734 and 3726.
138
What is the greatest common divisor of 69930312 and 84208?
2216
Calculate the greatest common divisor of 3083067 and 1987947.
1521
Calculate the highest common factor of 1031352 and 2408.
56
Calculate the highest common divisor of 70 and 203225974.
14
Calculate the highest common factor of 27401 and 3033349.
583
What is the highest common divisor of 155 and 31388678?
31
What is the highest common divisor of 41597256 and 141?
141
What is the greatest common divisor of 4099800 and 19400?
200
Calculate the greatest common divisor of 20440 and 201320.
280
Calculate the highest common factor of 56546 and 2646.
98
Calculate the highest common divisor of 146475 and 209205.
45
What is the greatest common factor of 497 and 1034894?
7
What is the highest common divisor of 2646 and 26682?
6
What is the greatest common factor of 39476 and 30358156?
556
What is the greatest common factor of 459 and 534578940?
459
Calculate the greatest common factor of 1713451 and 15626.
601
Calculate the greatest common factor of 2349 and 119844.
9
Calculate the greatest common factor of 16293905 and 340.
85
Calculate the highest common divisor of 69275 and 1270748.
163
Calculate the highest common factor of 105015 and 900.
15
What is the highest common divisor of 580 and 141137490?
290
Calculate the greatest common factor of 704691 and 1235.
247
What is the highest common factor of 4860666 and 96?
6
What is the greatest common divisor of 62957 and 72848?
157
Calculate the highest common factor of 397506952 and 127.
127
What is the highest common divisor of 318626210 and 20?
10
What is the highest common divisor of 808759456 and 564?
188
Calculate the greatest common divisor of 1359011 and 40967.
71
Calculate the highest common divisor of 46718 and 2725051.
497
What is the greatest common divisor of 10232047 and 14?
7
Calculate the highest common factor of 490509592 and 740.
148
What is the greatest common divisor of 93002 and 1545754?
98
Calculate the highest common divisor of 690 and 17178470.
230
What is the highest common divisor of 20235 and 1230915?
285
Calculate the greatest common factor of 78266444 and 5828.
124
Calculate the greatest common divisor of 116274203 and 17.
17
Calculate the greatest common factor of 6448 and 3002288.
496
What is the greatest common divisor of 143039 and 1313?
13
What is the greatest common factor of 25631 and 797259?
1349
Calculate the highest common factor of 152975 and 313925.
725
What is the highest common divisor of 1563293431 and 1099?
1099
Calculate the greatest common factor of 25566 and 61086.
6
What is the highest common divisor of 495 and 446805?
45
What is the greatest common divisor of 23814244 and 1108?
1108
Calculate the highest common factor of 109815098 and 206.
206
What is the greatest common divisor of 63072 and 188632?
584
What is the greatest common factor of 158594513 and 2618?
1309
Calculate the greatest common divisor of 97451 and 6783.
19
Calculate the greatest common factor of 15947778 and 264.
66
What is the highest common divisor of 13116705 and 315?
105
Calculate the greatest common divisor of 942 and 234294240.
942
What is the highest common divisor of 963608 and 1633?
23
Calculate the highest common factor of 120 and 6862980.
60
Calculate the greatest common factor of 20524 and 194018503.
5131
What is the highest common divisor of 34787 and 709493?
809
What is the greatest common factor of 3028 and 1200602?
1514
Calculate the highest common factor of 6602 and 371577065.
3301
Calculate the greatest common factor of 47 and 21109674